 73 a factor of 122463?
False
Does 176 divide 93984?
True
Is 63 a factor of 11214?
True
Is 130 a factor of 241410?
True
Is 9 a factor of 547895?
False
Is 4672155 a multiple of 22?
False
Is 197 a factor of 483199?
False
Does 13 divide 1243360?
False
Is 399607 a multiple of 32?
False
Does 64 divide 3096256?
True
Is 3 a factor of 3848867?
False
Is 64519 a multiple of 7?
True
Is 3165665 a multiple of 12?
False
Does 470 divide 7283628?
False
Is 7 a factor of 7007?
True
Is 10 a factor of 8081582?
False
Does 24 divide 3962414?
False
Does 258 divide 2622907?
False
Does 105 divide 2724330?
True
Does 21 divide 17258?
False
Is 2949521 a multiple of 6?
False
Does 2 divide 36394?
True
Is 11799413 a multiple of 867?
False
Is 186 a factor of 1679766?
True
Is 120280 a multiple of 62?
True
Does 159 divide 62265?
False
Does 180 divide 1979640?
True
Is 12197241 a multiple of 9?
True
Is 315965 even?
False
Is 13 a factor of 1594879?
True
Is 8 a factor of 269746?
False
Does 314 divide 89724?
False
Is 231987 a multiple of 7?
True
Is 3561950 a multiple of 1071?
False
Does 12 divide 27082284?
True
Is 540366 a multiple of 226?
True
Does 4 divide 910813?
False
Does 29 divide 113844?
False
Is 46 a factor of 57824?
False
Is 225 a factor of 252514?
False
Does 225 divide 1499271?
False
Is 727 a factor of 3315847?
True
Is 33779 a multiple of 8?
False
Is 2943623 a multiple of 14?
False
Is 2389860 a multiple of 213?
True
Is 38 a factor of 96347?
False
Is 6880807 a multiple of 333?
False
Does 456 divide 122664?
True
Does 76 divide 107312?
True
Does 123 divide 3052068?
False
Is 186 a factor of 121420?
False
Is 1613145 a multiple of 215?
True
Does 28 divide 1290498?
False
Does 11 divide 2010084?
False
Does 639 divide 1816127?
False
Does 53 divide 15152449?
False
Does 2 divide 25584?
True
Does 13 divide 2219618?
False
Is 6908 a multiple of 48?
False
Does 2 divide 25261?
False
Does 30 divide 303360?
True
Is 1934005 a multiple of 61?
True
Is 2062548 a multiple of 36?
True
Does 558 divide 867698?
False
Is 46216 a multiple of 53?
True
Is 14 a factor of 81186?
True
Is 328524 a multiple of 28?
True
Is 3285750 a multiple of 26?
True
Is 26 a factor of 6922240?
True
Is 23567 a multiple of 39?
False
Does 1160 divide 1867131?
False
Is 353 a factor of 695227?
False
Is 615836 a multiple of 44?
False
Is 96342 a multiple of 3?
True
Does 327 divide 200716?
False
Is 54 a factor of 68053?
False
Does 23 divide 277314?
False
Is 4637024 a multiple of 224?
True
Is 8 a factor of 47678?
False
Is 46 a factor of 131744?
True
Does 32 divide 17312?
True
Does 922 divide 122626?
True
Is 101 a factor of 47645?
False
Is 123 a factor of 1614867?
True
Is 49 a factor of 405502?
False
Does 40 divide 244224?
False
Is 3541267 a multiple of 859?
False
Is 333648 a multiple of 36?
True
Is 96135 a multiple of 29?
True
Does 35 divide 107625?
True
Is 671253 a multiple of 33?
True
Is 45240 a multiple of 130?
True
Is 830448 a multiple of 412?
False
Does 501 divide 127541?
False
Is 143 a factor of 118315?
False
Is 592610 a multiple of 10?
True
Does 25 divide 19150?
True
Does 31 divide 3224930?
True
Is 27 a factor of 1084148?
False
Does 631 divide 20871587?
True
Is 6915 a multiple of 8?
False
Is 391475 a multiple of 15?
False
Does 17 divide 18226161?
False
Is 11 a factor of 5500555?
False
Is 83581 a multiple of 1128?
False
Is 130816 a multiple of 224?
True
Does 760 divide 728623?
False
Is 11712 a multiple of 12?
True
Does 16 divide 46608?
True
Is 333827 a multiple of 120?
False
Is 708 a factor of 12192468?
True
Is 68 a factor of 493952?
True
Does 132 divide 242352?
True
Is 18782994 a multiple of 51?
True
Is 1224620 a multiple of 28?
False
Does 263 divide 906561?
True
Does 382 divide 3866338?
False
Is 239 a factor of 573690?
False
Is 7000777 a multiple of 37?
False
Is 17 a factor of 35142?
False
Does 2 divide 1241?
False
Does 407 divide 1116364?
False
Is 15 a factor of 17910?
True
Is 300996 a multiple of 8?
False
Is 1183388 a multiple of 92?
False
Is 90 a factor of 7311870?
True
Is 15 a factor of 3352920?
True
Is 9243960 a multiple of 220?
True
Is 29 a factor of 664158?
True
Is 83 a factor of 7373222?
True
Is 653 a factor of 3138318?
True
Is 147 a factor of 2595389?
False
Is 3 a factor of 264526?
False
Is 11 a factor of 93599?
True
Is 472311 a multiple of 343?
True
Does 85 divide 418458?
False
Does 45 divide 13206?
False
Is 427362 a multiple of 26?
True
Is 107 a factor of 17000374?
True
Is 30 a factor of 42450?
True
Does 29 divide 3531241?
False
Is 243 a factor of 1007958?
False
Does 3 divide 114856?
False
Does 56 divide 2413208?
True
Does 262 divide 12433516?
False
Is 334448 a multiple of 16?
True
Is 325418 a multiple of 79?
False
Is 531 a factor of 324346?
False
Does 583 divide 1233045?
True
Does 69 divide 6164322?
True
Is 107 a factor of 120161?
True
Is 1562081 a multiple of 1031?
False
Does 194 divide 254411?
False
Is 39 a factor of 225498?
True
Is 49 a factor of 720542?
False
Is 360 a factor of 1044437?
False
Is 104166 a multiple of 27?
True
Does 16 divide 3640481?
False
Does 102 divide 1091706?
True
Is 48 a factor of 74273?
False
Is 987460 a multiple of 97?
True
Does 129 divide 38654?
False
Is 4 a factor of 754048?
True
Is 355 a factor of 62835?
True
Is 71 a factor of 869100?
False
Is 5658069 a multiple of 763?
False
Does 23 divide 9614?
True
Is 44 a factor of 48400?
True
Is 1675275 a multiple of 175?
True
Does 16 divide 23888?
True
Does 261 divide 979221?
False
Does 107 divide 95374?
False
Is 116 a factor of 565026?
False
Is 7932960 a multiple of 787?
True
Is 514404 a multiple of 108?
True
Is 192 a factor of 50243?
False
Is 1725 a multiple of 3?
True
Is 798 a factor of 529302?
False
Is 87324 a multiple of 14?
False
Does 31 divide 68634?
True
Does 56 divide 147092?
False
Is 146 a factor of 213557?
False
Does 151 divide 149131?
False
Does 312 divide 976005?
False
Is 158389 a multiple of 11?
True
Is 1455 a factor of 4490130?
True
Is 544 a factor of 630580?
False
Is 7 a factor of 3110639?
True
Is 552296 a multiple of 164?
False
Is 86036 a multiple of 12?
False
Is 601462 a multiple of 62?
True
Is 14 a factor of 968024?
False
Is 4730875 a multiple of 16?
False
Is 167187 a multiple of 4?
False
Is 130 a factor of 471510?
True
Does 37 divide 1093858?
False
Is 3797980 a multiple of 315?
False
Is 27 a factor of 49545?
True
Is 1909062 a multiple of 54?
True
Does 62 divide 7059692?
True
Does 180 divide 114173?
False
Does 4 divide 1692412?
True
Does 216 divide 87720?
False
Does 38 divide 22872896?
False
Is 2538720 a multiple of 430?
True
Is 353 a factor of 716323?
False
Does 55 divide 158381?
False
Does 180 divide 281520?
True
Does 56 divide 1584112?
False
Is 22541 a multiple of 37?
False
Does 23 divide 4905?
False
Is 6 a factor of 214530?
True
Is 1468034 a multiple of 1052?
False
Is 215 a factor of 496865?
True
Is 37 a factor of 113072?
True
Is 46 a factor of 21712?
True
Is 301257 a multiple of 561?
True
Is 76 a factor of 457707?
False
Is 86 a factor of 322817?
False
Does 45 divide 295875?
True
Is 300 a factor of 743785?
False
Is 357576 a multiple of 12?
True
Is 6136661 a multiple of 29?
True
Does 68 divide 47410?
False
Does 3 divide 3056?
False
Is 47 a factor of 257836?
False
Does 8 divide 927679?
False
Is 1470600 a multiple of 774?
True
Is 19192235 a multiple of 1955?
True
Is 49 a factor of 154545?
False
Does 77 divide 1948100?
True
Is 61 a factor of 325906?
False
Does 519 divide 3599746?
False
Is 308 a factor of 1283744?
True
Is 9 a factor of 61164?
True
Does 10 divide 22590?
True
Is 76 a factor of 253128?
False
Is 218 a factor of 13080?
True
Is 159695 a multiple of 20?
False
Is 77 a factor of 11024167?
True
Is 448 a factor of 3605056?
True
Is 3 a factor of 1175499?
True
Does 44 divide 628012?
True
Does 126 divide 82543?
False
Is 22 a factor of 1309740?
False
Is 4 a factor of 76174?
False
Does 17 divide 3626797?
True
Is 1255702 a multiple of 594?
False
Is 435205 a multiple of 27?
False
Does 154 divide 197108?
False
Does 331 divide 161528?
True
Is 429 a factor of 11692442?
False
Is 648300 a multiple of 150?
True
Is 274 a factor of 4401262?
True
Is 2406895 a multiple of 5?
True
Does 6 divide 84744?
True
Is 10 a factor of 51360?
True
Is 43 a factor of 94127?
True
Is 17 a factor of 205718?
False
Does 73 divide 80811?
True
Does 80 